1). Let q(t) = 0 + l - 1 + t**2. What is q(-1)?
0
Let k(z) = z. Let p be (-14)/(-3) - 2/(-6). Suppose -p*l = -0 - 5. Give k(l).
1
Let b(h) be the third derivative of h**4/12 - 4*h**3/3 - 28*h**2. Calculate b(6).
4
Suppose 2 = d + k + 2*k, 4*d + 4*k = 8. Let y be -2 - 1/(d/(-10)). Suppose 1 = y*s + p, -s + 6*p + 11 = p. Let v(f) = -4*f + 1. Determine v(s).
-3
Let h be ((-3)/(-12))/(98/24 - 4). Let k(v) be the third derivative of 0*v + 1/15*v**5 + 0 - 1/3*v**h - v**2 - 1/4*v**4 + 1/120*v**6. What is k(-5)?
3
Let p(c) = -4*c. Let x(r) = -9*r - 1. Let v(u) = 7*p(u) - 3*x(u). Let s(o) = -o - 2. Let d be s(2). Determine v(d).
7
Let n(k) be the second derivative of k**4/12 + 7*k**3/6 + 3*k**2 - 35*k. Give n(-7).
6
Suppose -5*t + 5*w = -65 + 25, -22 = -4*t - w. Let m(v) = -7*v - 4. Let y(o) = 20*o + 12. Let c(j) = t*y(j) + 17*m(j). Calculate c(-3).
1
Let v = -7/16 + 39/80. Let s(m) be the second derivative of 0*m**3 - 1/6*m**4 + m + v*m**5 - m**2 + 0. Calculate s(3).
7
Let g(w) = 4*w + 3. Let d = 7 - 13. Let b = 8 - 13. Let z(u) = -5*u - 2. Let p(v) = b*z(v) + d*g(v). Calculate p(4).
-4
Let c(x) = x**2 - 6*x - 4. Let i(m) = -m**2 + 9*m + 6. Let v(r) = 7*c(r) + 5*i(r). Give v(-3).
11
Let b(t) = 0*t**2 + 0*t**3 - 2 - 4*t - t**2 - 3*t**2 + t**3. Let i be ((-4)/(-2))/2 - 0. Let h(p) = 5*p**2 + p - 1. Let l be h(i). Calculate b(l).
3
Let v(o) = -14*o**2 + 29*o - 29. Let i(d) = 5*d**2 - 10*d + 10. Let s(z) = -11*i(z) - 4*v(z). Determine s(4).
-2
Let z(s) = -s**3 + 4*s**2. Suppose 9*m - 4*m = -50. Let c(f) = -f**2 - 10*f + 4. Let j be c(m). Give z(j).
0
Let z(q) = -q - 5. Let k(g) = 5*g + 26. Let w(v) = -2*k(v) - 11*z(v). Determine w(-6).
-3
Let b(n) be the first derivative of -n**6/360 - 3*n**5/40 - n**4/8 + 4*n**3/3 + 3. Let h(f) be the third derivative of b(f). What is h(-8)?
5
Let d(y) be the first derivative of -2*y - y**2 + 1 + 1/3*y**3. Give d(3).
1
Let r(d) = 19*d**3 + 6*d**2 + 2*d + 1. Let z(h) = 37*h**3 + 11*h**2 + 4*h + 2. Let p(t) = 11*r(t) - 6*z(t). What is p(-1)?
14
Let v(t) = -2*t + 3. Let r be (-60)/18*(-9)/5. Suppose -4*f = -f - 4*i - 14, -4*i - r = f. What is v(f)?
-1
Let n(h) be the first derivative of -h**4/2 + h**3 - 24. Suppose -5*k - 4*t = -k + 8, 0 = 3*k + 2*t + 2. Determine n(k).
-4
Let t(r) be the first derivative of r**3/3 - r**2/2 - 11*r + 9. Calculate t(0).
-11
Suppose 9 = -r + 4*r. Let y = r - 5. Let v(m) = -4*m - 1. Calculate v(y).
7
Let v be (-2)/(-9) + (-76)/18. Let a be v/3*(4 - 1). Let m(r) = -r**3 - 6*r**2 - 6*r - 2. What is m(a)?
-10
Let c(z) = z + 1. Let w = 1 - -2. Let y = 0 - w. Calculate c(y).
-2
Let v(n) be the first derivative of n**4/4 + 5*n**3/3 - 3*n**2/2 + 7*n - 34. Calculate v(-6).
-11
Suppose -8 = 4*v + 4. Let q be v/(4/(-8) + 0). Let y(k) = 0*k + k + 0*k. Give y(q).
6
Let k(s) = -s**2 - 10*s - 5. Let y be k(-10). Let u(z) be the first derivative of z**4/4 + 5*z**3/3 + 3*z**2/2 + 7*z + 1. Calculate u(y).
-8
Let w(h) be the second derivative of -h**8/960 + h**7/2520 - h**6/720 + h**5/120 + 3*h**4/4 + 2*h. Let y(b) be the third derivative of w(b). Determine y(1).
-6
Let h(o) = o**2 + 4*o - 3. Suppose 0*q - 130 = 2*q. Let d be (-4)/(-6) + q/(-15). Suppose 0*p - 2*p = 2*w - 14, -d*p + 33 = 4*w. Calculate h(w).
9
Let d(u) = -2*u + 1. Let n(b) = -6*b + 3. Let m(l) = 4*d(l) - n(l). Calculate m(5).
-9
Let q(j) = j**2 + 2. Let h = -3 - -3. Let i be q(h). Let k(f) = 7*f + 1 + 4*f**i - f**2 - 2*f**2. Determine k(-4).
-11
Let n(m) = m**3 - 3*m**2 + 3*m. Let f be n(2). Let k(y) = -y**3 + 4*y**2 + 6*y - 3. Let i be k(5). Let z(r) = -i*r + 4*r - 8*r**2 + 9*r**2 + f. What is z(-2)?
2
Suppose 3*f - 17 = -2. Let d(j) be the first derivative of -j**2 + 7*j + 7. What is d(f)?
-3
Suppose -11*i = -3*i + 48. Let r(f) = -f**2 - 3*f - 5. Let z(t) = -3*t**2 - 10*t - 16. Let v(b) = -8*r(b) + 3*z(b). What is v(i)?
-8
Let p = 1 - 5. Let y = p - -5. Let j(z) = -2*z. Calculate j(y).
-2
Let q(b) = b**2 + b. Let z(c) = -7*c**2 - 4*c + 1. Let d(h) = 4*q(h) + z(h). Determine d(1).
-2
Let a = -2 + 4. Let g(k) = 4*k**2 + 0 - 3*k**2 + 0*k**a + 2. Give g(0).
2
Let t = 10 + -7. Suppose -9 = -3*s - t. Let r(y) = y**3 - y. Determine r(s).
6
Let l(m) = -5*m + 9. Let i(q) = 6*q - 9. Suppose -4*o + 5*h - 41 = 0, -2*o + 2 = -0*h + 2*h. Let d(f) = o*i(f) - 5*l(f). Determine d(4).
-5
Let u(a) = -7 - 5*a - 3*a + 10*a. Give u(6).
5
Let v = 1 - -1. Let y(k) = -2 + 4*k**3 + 3 + 1 + v*k - 2*k**3 + 3*k**2. What is y(-2)?
-6
Let z(k) be the second derivative of -2*k - 1/120*k**6 + 1/2*k**3 - k**2 - 1/30*k**5 + 0 + 1/12*k**4. Let d(q) be the first derivative of z(q). Calculate d(-2).
-1
Let f(s) = -4*s - s + 8*s**3 - 7*s**3 + 6*s**2 + 6. Give f(-7).
-8
Let y(z) = -z**2 - 3*z - 7. Suppose 5 = -5*s - 5. Let b(h) be the third derivative of -h**5/60 + h**4/24 - h**3/6 - 9*h**2. Let i(x) = s*b(x) + y(x). Give i(6).
1
Let g(x) = -6*x. Let i be g(-1). Let q(z) = z. Let s(y) = 8 + 6 + 14*y - 6*y - 7. Let j(o) = i*q(o) - s(o). Give j(-5).
3
Suppose -6*x + 3*x - 12 = 0. Let m(t) = -t**2 - 4*t + 4. Determine m(x).
4
Suppose 4*g + 25 = 3*z, -3*g - 5*z + 2 = -1. Let m(a) = -a**2 - 6*a - 5. Give m(g).
3
Suppose -5*l + 74 = -l + 2*f, l = -5*f - 4. Let z(n) = 17*n - 2*n**3 + 5*n**2 + n**3 - l*n + 7. Determine z(5).
-13
Let b(z) = -z. Let i(c) = c**2 - 3*c - 2. Let m be i(4). Suppose m*w = -2 - 8. Calculate b(w).
5
Suppose 12 + 3 = 5*u. Let w = u - 5. Let t(h) = h**2 + h + 1. What is t(w)?
3
Let s(v) be the third derivative of -v**4/6 - 5*v**3/6 - 25*v**2. Determine s(-5).
15
Let j(m) = -m**3 - 3*m**2 + 3*m + 1. Let h = -2 - 2. Calculate j(h).
5
Let w(j) be the first derivative of 2 + 1/3*j**3 + 5*j + 2*j**2. Calculate w(-4).
5
Let y(v) = 2*v. Suppose -3 - 9 = 2*a. Let m(n) = -n**3 - 7*n**2 - 6*n + 4. Let z be m(a). Determine y(z).
8
Let n(r) be the second derivative of -r**3/6 + 3*r**2/2 + 11*r. What is n(0)?
3
Let q(v) be the first derivative of -v**4/12 + 5*v**3/6 - 3*v**2/2 - 3*v - 6. Let f(y) be the first derivative of q(y). What is f(6)?
-9
Let a be -1 - (-4 + 1 + -4). Let p(c) be the second derivative of -c**3/6 + 4*c**2 + 3*c. What is p(a)?
2
Suppose -2*p + 3*p - 2 = 0. Suppose 0 = -t + 4 - p. Suppose b = -2*y - t + 9, 5*y = 3*b + 12. Let h(o) = o**3 + o**2 - o. Calculate h(b).
1
Let n = -2 - 1. Let k be (-4)/6*(0 - n). Let d(f) be the third derivative of f**6/120 + f**5/30 - f**3/3 + 4*f**2. Determine d(k).
-2
Let r(i) = 4*i**3 + 8*i**2 - i + 19. Let v(p) = -p**3 - 3*p**2 - 6. Let w(s) = -2*r(s) - 7*v(s). Give w(5).
14
Let w(c) be the second derivative of 3/2*c**2 + 0 - 2*c + 1/6*c**3. Suppose -r - 2 - 2 = 0. Give w(r).
-1
Let r(f) be the first derivative of f**4/4 + f**3/3 - 5*f**2/2 - 3*f + 1. Suppose -3*o - w = 13, -o - 5*w - 11 = -3*w. What is r(o)?
-6
Let s(m) be the second derivative of m**5/120 + m**4/6 + m**3/3 + m. Let u(a) be the second derivative of s(a). Determine u(-4).
0
Let q = -5 - 5. Let g(u) = -u**2 - 10*u - 1. Let r be g(q). Let y(p) = -3*p**3 - 2*p**2 - 2*p - 1. Determine y(r).
2
Let f(m) be the second derivative of 6*m + 0 - 3*m**2 - 7/6*m**3 - 1/12*m**4. What is f(-6)?
0
Suppose 15 = -9*u + 6*u. Let j(h) = -h**3 - 6*h**2 + 7. Determine j(u).
-18
Suppose -2*p - 8 = 5*m, 5*m = 3*m - 3*p - 12. Let f be (3/(-9))/(1/(-12)). Let i(d) = -f + m + 2*d - d. Determine i(-3).
-7
Suppose 2 = -2*x + 6*x - 2*p, 0 = -x - 3*p - 10. Let y(i) = -8*i - 1. Let t(a) = 8*a + 1. Let d(l) = 2*t(l) + 3*y(l). What is d(x)?
7
Let f(c) be the first derivative of c**3/6 + 2*c - 3. Let h(a) be the first derivative of f(a). Let i = 3 + -4. Calculate h(i).
-1
Let m(f) = f**2 + 6*f + 2. Let c be (-2)/(-18)*6*-6. What is m(c)?
-6
Let i(y) = -y**3 - 5*y**2 - 3*y + 3. Let q(w) = w**3 + 45. Let h be (-3)/(-12) + (-2)/8. Let n be q(h). Let g be (-4)/(-18) + (-190)/n. Determine i(g).
-1
Suppose -3*k = -k - 2. Let t(l) = 2*l + 0 + 0 - 6 + k. What is t(6)?
7
Suppose 11*k - 6*k = 75. Let c = 18 - k. Let r(a) = -a + 1. Calculate r(c).
-2
Let x(n) = -9*n + 2. Let b(h) = -9*h + 3. Let k(d) = 3*b(d) - 4*x(d). Determine k(-1).
-8
Let l(d) = -3*d**3 - 2*d + 1. Let j = 3 - 5. Let a be 1/(0 - j/2). Calculate l(a).
-4
Let o(t) = 5 + 1 - t + t**3 - t**3 - t**3 + t**2. What is o(0)?
6
Suppose -3*c - 3*c = 36. Let i(k) = -k**2 - 5*k - 5. Calculate i(c).
-11
Let p(g) = -7*g**3 + 6*g**2 - 11*g - 3. Let